 - 8698?
-8695
In base 8, what is -16075 - -3?
-16072
In base 11, what is -406 - -51a?
114
In base 2, what is -1011111111001011 + -10000110?
-1100000001010001
In base 8, what is 416 - 54741?
-54323
In base 7, what is -1142 + -66?
-1241
In base 6, what is 342012 + 14?
342030
In base 7, what is 1223 + 1045?
2301
In base 9, what is 368 + 13?
382
In base 15, what is 5 - 96901?
-968eb
In base 9, what is 731111 - 0?
731111
In base 14, what is 28a7 + -3?
28a4
In base 9, what is 24587 - -8?
24606
In base 13, what is 11b + 69?
187
In base 16, what is -21e4 - 66?
-224a
In base 6, what is -2 - -101555?
101553
In base 11, what is -26614 - -6?
-26609
In base 7, what is 3 + -110411?
-110405
In base 5, what is -10 - -2413210?
2413200
In base 8, what is -16 - 16265?
-16303
In base 4, what is 2 + -321203?
-321201
In base 7, what is -341 + -505?
-1146
In base 10, what is 799 - -130?
929
In base 7, what is -2 + -136305?
-136310
In base 5, what is -310124 - -41?
-310033
In base 6, what is -35453215 - -3?
-35453212
In base 8, what is -4 - 355263?
-355267
In base 13, what is 45 - -9152?
9197
In base 7, what is 0 + 254545?
254545
In base 7, what is 26 - -2263?
2322
In base 2, what is 1000 + -1100010101000100001?
-1100010101000011001
In base 6, what is -5554 + 40?
-5514
In base 13, what is -3 + -165b0?
-165b3
In base 9, what is 15 - -28503?
28518
In base 5, what is 2342014 - 11?
2342003
In base 5, what is -32 - -133331?
133244
In base 14, what is -acc6ac - -4?
-acc6a8
In base 12, what is -12 - -2444?
2432
In base 13, what is -2 - -1c44a?
1c448
In base 13, what is -1 + 1c4?
1c3
In base 10, what is -5 - -27807?
27802
In base 9, what is -143 - -3221?
3067
In base 11, what is 23 - 811?
-799
In base 7, what is 100 + 13141?
13241
In base 4, what is -11000 - 1122?
-12122
In base 12, what is 60a - 65?
565
In base 8, what is -1044362 + -2?
-1044364
In base 4, what is 11 + 233030202?
233030213
In base 9, what is 248 - 55?
183
In base 14, what is 4 + 10bb4?
10bb8
In base 10, what is -682 + 16?
-666
In base 16, what is 1f - -356?
375
In base 12, what is 7 - 6b095?
-6b08a
In base 16, what is 0 + -5609?
-5609
In base 16, what is -16 - -a776?
a760
In base 2, what is -110 - 1000100001010010111?
-1000100001010011101
In base 11, what is -993 - 45?
-a28
In base 10, what is 3 - -15549?
15552
In base 13, what is 1 + 1cac?
1cb0
In base 9, what is -556 - 27?
-584
In base 15, what is -1 - -ab4c?
ab4b
In base 9, what is 3602666 - 3?
3602663
In base 12, what is 9 + -2240?
-2233
In base 13, what is -4 + 7a61?
7a5a
In base 7, what is -150135 + -3?
-150141
In base 13, what is 6636 - 14?
6622
In base 4, what is -231203022 + 32?
-231202330
In base 8, what is 65357 - 1?
65356
In base 4, what is -2103011 - 22?
-2103033
In base 13, what is 18106 + 4?
1810a
In base 10, what is -1 + 19993?
19992
In base 11, what is 5 + -491187?
-491182
In base 6, what is -12552420 - -2?
-12552414
In base 13, what is 1155 + -15?
1140
In base 8, what is 64773 - 61?
64712
In base 7, what is -1054 + 64?
-660
In base 4, what is 1112 + 103120?
110232
In base 7, what is 130362 + 16?
130411
In base 5, what is 13214401 - -1?
13214402
In base 11, what is 7 + -201a36?
-201a2a
In base 9, what is -41558 + 0?
-41558
In base 2, what is 1000010101000111 - -101?
1000010101001100
In base 16, what is 37 - a763?
-a72c
In base 16, what is 9e - 2d?
71
In base 11, what is 1264716 - 2?
1264714
In base 8, what is -12 - 6177?
-6211
In base 13, what is ac - 475?
-396
In base 15, what is -3 - 714a?
-714d
In base 10, what is 2 + -12604?
-12602
In base 11, what is -17063 - 7?
-1706a
In base 11, what is 27 - -51a42?
51a69
In base 6, what is -5211132 + 1?
-5211131
In base 4, what is 12020010 + -130?
12013220
In base 10, what is -2 + -70332?
-70334
In base 5, what is -12240 - -34?
-12201
In base 6, what is -105 - 2004?
-2113
In base 5, what is 4144 + 1213?
10412
In base 8, what is 104776 + 11?
105007
In base 2, what is -100101101 + 101?
-100101000
In base 11, what is -299 + 474?
186
In base 14, what is -6cd9 - -103?
-6bd6
In base 13, what is 7ba3 + 3?
7ba6
In base 13, what is 2304 - -3?
2307
In base 6, what is 1401134 - 2?
1401132
In base 5, what is 120134101 - 1?
120134100
In base 3, what is 112212210 + -2?
112212201
In base 9, what is -20768 - -4?
-20764
In base 10, what is -228 - 55?
-283
In base 6, what is -3 - -251430?
251423
In base 9, what is 1368 + 71?
1450
In base 6, what is 22 - 134041?
-134015
In base 10, what is -2 + -39475?
-39477
In base 8, what is 521 + 1333?
2054
In base 6, what is 12 + -115402?
-115350
In base 6, what is -14353 - 104?
-14501
In base 7, what is -2011 + -420?
-2431
In base 9, what is -223 + 268?
45
In base 14, what is -22c1 - 2?
-22c3
In base 7, what is 1214 + -306?
605
In base 16, what is -5ec - -5c?
-590
In base 3, what is 11012200 + -12201?
10222222
In base 11, what is -296804 - -4?
-296800
In base 6, what is 40524 - 4?
40520
In base 5, what is 142411112 - 2?
142411110
In base 6, what is 2304224 + 1?
2304225
In base 12, what is 1 - 166b55?
-166b54
In base 9, what is -2 + -76720?
-76722
In base 10, what is 13 + 2423?
2436
In base 5, what is -134332320 - -2?
-134332313
In base 5, what is 32 + -113421?
-113334
In base 13, what is 3c7 - -105?
4cc
In base 15, what is 4 + ac2a?
ac2e
In base 2, what is -11110 + -11100100100?
-11101000010
In base 7, what is 200534 - -5?
200542
In base 6, what is -344534144 - -1?
-344534143
In base 13, what is 5 - 5b43?
-5b3b
In base 14, what is 315 - -1c9?
500
In base 14, what is 125 + 33?
158
In base 8, what is 124 - 16311?
-16165
In base 8, what is 32 + -16373?
-16341
In base 7, what is -331 - 550?
-1211
In base 16, what is -5f1 - -77?
-57a
In base 15, what is -16b95 - 64?
-16c09
In base 16, what is -3d4a7 + -4?
-3d4ab
In base 6, what is 3034 + 14332?
21410
In base 16, what is -b5 - -30?
-85
In base 15, what is -1 + 3eb3?
3eb2
In base 13, what is 4 - a30b?
-a307
In base 10, what is -3741 - 84?
-3825
In base 10, what is -6 - -1903?
1897
In base 14, what is -448 + 10?
-438
In base 8, what is 34 - 2216?
-2162
In base 13, what is -8c17 - 30?
-8c47
In base 13, what is -81 - -32?
-4c
In base 16, what is 2 + -a8fc1?
-a8fbf
In base 7, what is -516265 - -14?
-516251
In base 7, what is -13016 + -3624?
-16643
In base 5, what is 10 + -33340?
-33330
In base 13, what is 45b36 - 1?
45b35
In base 4, what is 1020 - 1221?
-201
In base 3, what is -101111 + -1010100?
-1111211
In base 11, what is -409 + 72?
-347
In base 5, what is 23110100 + 4?
23110104
In base 9, what is -150 - -135?
-14
In base 12, what is -1 - -6969a?
69699
In base 13, what is -2 + -254c0?
-254c2
In base 14, what is 1b + -c256?
-c239
In base 7, what is 155306 + -1?
155305
In base 11, what is 18898 + -5?
18893
In base 6, what is -3 - -255243?
255240
In base 15, what is -a9 + -25a?
-314
In base 5, what is 244 + 302100?
302344
In base 5, what is 22230300 + 32?
22230332
In base 14, what is 14d7 + -73?
1464
In base 13, what is -1 - 36061?
-36062
In base 3, what is -1022 + -2002022?
-2010121
In base 9, what is -7 + 4455?
4447
In base 5, what is 42101144 - -4?
42101203
In base 5, what is -4 + -304032?
-304041
In base 15, what is -6b - 9b?
-117
In base 5, what is 13 + -32443412?
-32443344
In base 7, what is -32 + -20211?
-20243
In base 5, what is -3 + 4230420?
4230412
In base 2, what is 100110000001010010 - -100?
100110000001010110
In base 12, what is -5 + -20622?
-20627
In base 5, what is -414342 + -3?
-414400
In base 15, what is 4d568 - -4?
4d56c
In base 16, what is 37f34 + -2?
37f32
In base 11, what is -1 - -38752?
38751
In base 3, what is 2120201022011 + 12?
2120201022100
In base 5, what is 3 + 14330?
14333
In base 2, what is -10101111101111110010 + 100?
-10101111101111101110
In base 12, what is 675 + 0?
675
In base 5, what is -10014131 - 230?
-10014411
In base 6, what is 101 - 52?
5
In base 2, what is -1000111 - -11010110011?
11001101100
In base 2, what is 110110011111011111001 + 11?
110110011111011111100
In base 8, what is -3 - -162551?
162546
In base 9, what is -104111 - -2?
-104108
In base 7, what is -5 + -641555?
-641563
In base 2, what is -11001 - 110001101001011100?
-110001101001110101
In base 12, what is -549a7 - -13?
-54994
In base 11, what is -280937 + 1?
-280936
In base 15, what is -b151 + -5?
-b156
In base 4, what is 1120330 + 